{"id":197,"date":"2025-10-25T14:19:02","date_gmt":"2025-10-25T14:19:02","guid":{"rendered":"https:\/\/weinard.website\/?page_id=197"},"modified":"2026-02-04T09:30:33","modified_gmt":"2026-02-04T09:30:33","slug":"referenzen","status":"publish","type":"page","link":"https:\/\/weinard.website\/?page_id=197","title":{"rendered":"Referenzen"},"content":{"rendered":"\n<p>Bei beiden meiner Stammkunden werden meine Texte unter anderem Namen ver\u00f6ffentlicht. Daher kann ich diese Texten hier logischerweise nicht als Referenzen hochladen. Ebenso wollen meine Auftraggeber hier nicht namentlich genannt werden.<br><br>Mein Hauptkunde versorgt mich seit mittlerweile sechs Jahren regelm\u00e4\u00dfig mit Auftr\u00e4gen. Hierbei handelt es sich um dreisprachiges Online-Magazin, welches gro\u00df genug f\u00fcr einen eigenen Eintrag bei Wikipedia ist.<br>Mein zweiter Kunde ver\u00f6ffentlich nun seit bereits \u00fcber einem Jahr jeden Monat zwei neue Kurzgeschichten von mir. <\/p>\n\n\n\n<p>Was ich als Referenz angeben kann, ist ein Screenshot des Portals content.de. Hier habe ich insgesamt 305 Schreibauftr\u00e4ge erledigt, bei einer Stornoquote von Null komma Null.<\/p>\n\n\n\n<figure class=\"wp-block-image aligncenter size-full\"><img loading=\"lazy\" decoding=\"async\" width=\"256\" height=\"403\" src=\"https:\/\/weinard.website\/wp-content\/uploads\/2025\/10\/305-erledigte-Auftrage-bei-content.jpg\" alt=\"Screenshot von der Plattform content.de \u00fcber 305 dort erledigte Schreibauftr\u00e4ge\" class=\"wp-image-198\" srcset=\"https:\/\/weinard.website\/wp-content\/uploads\/2025\/10\/305-erledigte-Auftrage-bei-content.jpg 256w, https:\/\/weinard.website\/wp-content\/uploads\/2025\/10\/305-erledigte-Auftrage-bei-content-191x300.jpg 191w\" sizes=\"auto, (max-width: 256px) 100vw, 256px\" \/><\/figure>\n\n\n\n<p>Meine Texte verfasse ich mit dem Schriftsteller-Programm Papyrus Autor Version 11.09d.<br>Dieses Programm verf\u00fcgt, neben Rechtschreib- und Grammatikpr\u00fcfungen, unter anderem auch \u00fcber Lesbarkeitspr\u00fcfungen, eine Vielzahl von Synonymen und Dokumenten- und Stilstatistiken.<\/p>\n","protected":false},"excerpt":{"rendered":"<p>Bei beiden meiner Stammkunden werden meine Texte unter anderem Namen ver\u00f6ffentlicht. Daher kann ich diese Texten hier logischerweise<\/p>\n","protected":false},"author":1,"featured_media":0,"parent":14,"menu_order":0,"comment_status":"closed","ping_status":"closed","template":"","meta":{"footnotes":""},"class_list":["post-197","page","type-page","status-publish","hentry"],"yoast_head":"<!-- This site is optimized with the Yoast SEO plugin v26.1.1 - https:\/\/yoast.com\/wordpress\/plugins\/seo\/ -->\n<title>Referenzen - Nico Weinard<\/title>\n<meta name=\"description\" content=\"Referenzen f\u00fcr Schreibauftr\u00e4ge und von mir verfasste Texte.\" \/>\n<meta name=\"robots\" content=\"index, follow, max-snippet:-1, max-image-preview:large, max-video-preview:-1\" \/>\n<link rel=\"canonical\" href=\"https:\/\/weinard.website\/?page_id=197\" \/>\n<meta property=\"og:locale\" content=\"de_DE\" \/>\n<meta property=\"og:type\" content=\"article\" \/>\n<meta property=\"og:title\" content=\"Referenzen - Nico Weinard\" \/>\n<meta property=\"og:description\" content=\"Referenzen f\u00fcr Schreibauftr\u00e4ge und von mir verfasste Texte.\" \/>\n<meta property=\"og:url\" content=\"https:\/\/weinard.website\/?page_id=197\" \/>\n<meta property=\"og:site_name\" content=\"Nico Weinard\" \/>\n<meta property=\"article:modified_time\" content=\"2026-02-04T09:30:33+00:00\" \/>\n<meta property=\"og:image\" content=\"https:\/\/weinard.website\/wp-content\/uploads\/2025\/10\/305-erledigte-Auftrage-bei-content.jpg\" \/>\n\t<meta property=\"og:image:width\" content=\"256\" \/>\n\t<meta property=\"og:image:height\" content=\"403\" \/>\n\t<meta property=\"og:image:type\" content=\"image\/jpeg\" \/>\n<meta name=\"twitter:card\" content=\"summary_large_image\" \/>\n<meta name=\"twitter:label1\" content=\"Gesch\u00e4tzte Lesezeit\" \/>\n\t<meta name=\"twitter:data1\" content=\"1\u00a0Minute\" \/>\n<script type=\"application\/ld+json\" class=\"yoast-schema-graph\">{\"@context\":\"https:\/\/schema.org\",\"@graph\":[{\"@type\":\"WebPage\",\"@id\":\"https:\/\/weinard.website\/?page_id=197\",\"url\":\"https:\/\/weinard.website\/?page_id=197\",\"name\":\"Referenzen - Nico Weinard\",\"isPartOf\":{\"@id\":\"http:\/\/weinard.website\/#website\"},\"primaryImageOfPage\":{\"@id\":\"https:\/\/weinard.website\/?page_id=197#primaryimage\"},\"image\":{\"@id\":\"https:\/\/weinard.website\/?page_id=197#primaryimage\"},\"thumbnailUrl\":\"https:\/\/weinard.website\/wp-content\/uploads\/2025\/10\/305-erledigte-Auftrage-bei-content.jpg\",\"datePublished\":\"2025-10-25T14:19:02+00:00\",\"dateModified\":\"2026-02-04T09:30:33+00:00\",\"description\":\"Referenzen f\u00fcr Schreibauftr\u00e4ge und von mir verfasste Texte.\",\"breadcrumb\":{\"@id\":\"https:\/\/weinard.website\/?page_id=197#breadcrumb\"},\"inLanguage\":\"de\",\"potentialAction\":[{\"@type\":\"ReadAction\",\"target\":[\"https:\/\/weinard.website\/?page_id=197\"]}]},{\"@type\":\"ImageObject\",\"inLanguage\":\"de\",\"@id\":\"https:\/\/weinard.website\/?page_id=197#primaryimage\",\"url\":\"https:\/\/weinard.website\/wp-content\/uploads\/2025\/10\/305-erledigte-Auftrage-bei-content.jpg\",\"contentUrl\":\"https:\/\/weinard.website\/wp-content\/uploads\/2025\/10\/305-erledigte-Auftrage-bei-content.jpg\",\"width\":256,\"height\":403},{\"@type\":\"BreadcrumbList\",\"@id\":\"https:\/\/weinard.website\/?page_id=197#breadcrumb\",\"itemListElement\":[{\"@type\":\"ListItem\",\"position\":1,\"name\":\"Home\",\"item\":\"http:\/\/weinard.website\/\"},{\"@type\":\"ListItem\",\"position\":2,\"name\":\"Schreibauftr\u00e4ge\",\"item\":\"https:\/\/weinard.website\/?page_id=14\"},{\"@type\":\"ListItem\",\"position\":3,\"name\":\"Referenzen\"}]},{\"@type\":\"WebSite\",\"@id\":\"http:\/\/weinard.website\/#website\",\"url\":\"http:\/\/weinard.website\/\",\"name\":\"Nico Weinard\",\"description\":\"Metalhead, Fantasy Autor &amp; Ghostwriter\",\"potentialAction\":[{\"@type\":\"SearchAction\",\"target\":{\"@type\":\"EntryPoint\",\"urlTemplate\":\"http:\/\/weinard.website\/?s={search_term_string}\"},\"query-input\":{\"@type\":\"PropertyValueSpecification\",\"valueRequired\":true,\"valueName\":\"search_term_string\"}}],\"inLanguage\":\"de\"}]}<\/script>\n<!-- \/ Yoast SEO plugin. -->","yoast_head_json":{"title":"Referenzen - Nico Weinard","description":"Referenzen f\u00fcr Schreibauftr\u00e4ge und von mir verfasste Texte.","robots":{"index":"index","follow":"follow","max-snippet":"max-snippet:-1","max-image-preview":"max-image-preview:large","max-video-preview":"max-video-preview:-1"},"canonical":"https:\/\/weinard.website\/?page_id=197","og_locale":"de_DE","og_type":"article","og_title":"Referenzen - Nico Weinard","og_description":"Referenzen f\u00fcr Schreibauftr\u00e4ge und von mir verfasste Texte.","og_url":"https:\/\/weinard.website\/?page_id=197","og_site_name":"Nico Weinard","article_modified_time":"2026-02-04T09:30:33+00:00","og_image":[{"width":256,"height":403,"url":"https:\/\/weinard.website\/wp-content\/uploads\/2025\/10\/305-erledigte-Auftrage-bei-content.jpg","type":"image\/jpeg"}],"twitter_card":"summary_large_image","twitter_misc":{"Gesch\u00e4tzte Lesezeit":"1\u00a0Minute"},"schema":{"@context":"https:\/\/schema.org","@graph":[{"@type":"WebPage","@id":"https:\/\/weinard.website\/?page_id=197","url":"https:\/\/weinard.website\/?page_id=197","name":"Referenzen - Nico Weinard","isPartOf":{"@id":"http:\/\/weinard.website\/#website"},"primaryImageOfPage":{"@id":"https:\/\/weinard.website\/?page_id=197#primaryimage"},"image":{"@id":"https:\/\/weinard.website\/?page_id=197#primaryimage"},"thumbnailUrl":"https:\/\/weinard.website\/wp-content\/uploads\/2025\/10\/305-erledigte-Auftrage-bei-content.jpg","datePublished":"2025-10-25T14:19:02+00:00","dateModified":"2026-02-04T09:30:33+00:00","description":"Referenzen f\u00fcr Schreibauftr\u00e4ge und von mir verfasste Texte.","breadcrumb":{"@id":"https:\/\/weinard.website\/?page_id=197#breadcrumb"},"inLanguage":"de","potentialAction":[{"@type":"ReadAction","target":["https:\/\/weinard.website\/?page_id=197"]}]},{"@type":"ImageObject","inLanguage":"de","@id":"https:\/\/weinard.website\/?page_id=197#primaryimage","url":"https:\/\/weinard.website\/wp-content\/uploads\/2025\/10\/305-erledigte-Auftrage-bei-content.jpg","contentUrl":"https:\/\/weinard.website\/wp-content\/uploads\/2025\/10\/305-erledigte-Auftrage-bei-content.jpg","width":256,"height":403},{"@type":"BreadcrumbList","@id":"https:\/\/weinard.website\/?page_id=197#breadcrumb","itemListElement":[{"@type":"ListItem","position":1,"name":"Home","item":"http:\/\/weinard.website\/"},{"@type":"ListItem","position":2,"name":"Schreibauftr\u00e4ge","item":"https:\/\/weinard.website\/?page_id=14"},{"@type":"ListItem","position":3,"name":"Referenzen"}]},{"@type":"WebSite","@id":"http:\/\/weinard.website\/#website","url":"http:\/\/weinard.website\/","name":"Nico Weinard","description":"Metalhead, Fantasy Autor &amp; Ghostwriter","potentialAction":[{"@type":"SearchAction","target":{"@type":"EntryPoint","urlTemplate":"http:\/\/weinard.website\/?s={search_term_string}"},"query-input":{"@type":"PropertyValueSpecification","valueRequired":true,"valueName":"search_term_string"}}],"inLanguage":"de"}]}},"_links":{"self":[{"href":"https:\/\/weinard.website\/index.php?rest_route=\/wp\/v2\/pages\/197","targetHints":{"allow":["GET"]}}],"collection":[{"href":"https:\/\/weinard.website\/index.php?rest_route=\/wp\/v2\/pages"}],"about":[{"href":"https:\/\/weinard.website\/index.php?rest_route=\/wp\/v2\/types\/page"}],"author":[{"embeddable":true,"href":"https:\/\/weinard.website\/index.php?rest_route=\/wp\/v2\/users\/1"}],"replies":[{"embeddable":true,"href":"https:\/\/weinard.website\/index.php?rest_route=%2Fwp%2Fv2%2Fcomments&post=197"}],"version-history":[{"count":2,"href":"https:\/\/weinard.website\/index.php?rest_route=\/wp\/v2\/pages\/197\/revisions"}],"predecessor-version":[{"id":524,"href":"https:\/\/weinard.website\/index.php?rest_route=\/wp\/v2\/pages\/197\/revisions\/524"}],"up":[{"embeddable":true,"href":"https:\/\/weinard.website\/index.php?rest_route=\/wp\/v2\/pages\/14"}],"wp:attachment":[{"href":"https:\/\/weinard.website\/index.php?rest_route=%2Fwp%2Fv2%2Fmedia&parent=197"}],"curies":[{"name":"wp","href":"https:\/\/api.w.org\/{rel}","templated":true}]}}